{"id":263,"date":"2024-02-29T13:24:40","date_gmt":"2024-02-29T12:24:40","guid":{"rendered":"https:\/\/fse.gipexperience.fr\/?page_id=263"},"modified":"2025-03-25T15:44:18","modified_gmt":"2025-03-25T14:44:18","slug":"equipe-projet","status":"publish","type":"page","link":"https:\/\/fse.gipexperience.fr\/index.php\/equipe-projet\/","title":{"rendered":"Membres de l&rsquo;\u00e9quipe"},"content":{"rendered":"\t\t<div data-elementor-type=\"wp-page\" data-elementor-id=\"263\" class=\"elementor elementor-263\">\n\t\t\t\t<div class=\"elementor-element elementor-element-fb7a375 e-flex e-con-boxed wpr-particle-no wpr-jarallax-no wpr-parallax-no wpr-sticky-section-no e-con e-parent\" data-id=\"fb7a375\" data-element_type=\"container\">\n\t\t\t\t\t<div class=\"e-con-inner\">\n\t\t\t\t<div class=\"elementor-element elementor-element-f3e9988 elementor-tabs-view-horizontal elementor-widget elementor-widget-tabs\" data-id=\"f3e9988\" data-element_type=\"widget\" data-widget_type=\"tabs.default\">\n\t\t\t\t<div class=\"elementor-widget-container\">\n\t\t\t\t\t\t\t<div class=\"elementor-tabs\">\n\t\t\t<div class=\"elementor-tabs-wrapper\" role=\"tablist\" >\n\t\t\t\t\t\t\t\t\t<div id=\"elementor-tab-title-2551\" class=\"elementor-tab-title elementor-tab-desktop-title\" aria-selected=\"true\" data-tab=\"1\" role=\"tab\" tabindex=\"0\" aria-controls=\"elementor-tab-content-2551\" aria-expanded=\"false\">Jenny MORENO<\/div>\n\t\t\t\t\t\t\t\t\t<div id=\"elementor-tab-title-2552\" class=\"elementor-tab-title elementor-tab-desktop-title\" aria-selected=\"false\" data-tab=\"2\" role=\"tab\" tabindex=\"-1\" aria-controls=\"elementor-tab-content-2552\" aria-expanded=\"false\">P\u00f4le 2IP \/ F\u00e0ID<\/div>\n\t\t\t\t\t\t\t\t\t<div id=\"elementor-tab-title-2553\" class=\"elementor-tab-title elementor-tab-desktop-title\" aria-selected=\"false\" data-tab=\"3\" role=\"tab\" tabindex=\"-1\" aria-controls=\"elementor-tab-content-2553\" aria-expanded=\"false\">Alexandre TRANSON<\/div>\n\t\t\t\t\t\t\t\t\t<div id=\"elementor-tab-title-2554\" class=\"elementor-tab-title elementor-tab-desktop-title\" aria-selected=\"false\" data-tab=\"4\" role=\"tab\" tabindex=\"-1\" aria-controls=\"elementor-tab-content-2554\" aria-expanded=\"false\">Elsa GOUJARD<\/div>\n\t\t\t\t\t\t\t\t\t<div id=\"elementor-tab-title-2555\" class=\"elementor-tab-title elementor-tab-desktop-title\" aria-selected=\"false\" data-tab=\"5\" role=\"tab\" tabindex=\"-1\" aria-controls=\"elementor-tab-content-2555\" aria-expanded=\"false\">Colombe LAFORET<\/div>\n\t\t\t\t\t\t\t\t\t<div id=\"elementor-tab-title-2556\" class=\"elementor-tab-title elementor-tab-desktop-title\" aria-selected=\"false\" data-tab=\"6\" role=\"tab\" tabindex=\"-1\" aria-controls=\"elementor-tab-content-2556\" aria-expanded=\"false\">Philippe DERRIEN<\/div>\n\t\t\t\t\t\t\t\t\t<div id=\"elementor-tab-title-2557\" class=\"elementor-tab-title elementor-tab-desktop-title\" aria-selected=\"false\" data-tab=\"7\" role=\"tab\" tabindex=\"-1\" aria-controls=\"elementor-tab-content-2557\" aria-expanded=\"false\">P\u00f4le TIC<\/div>\n\t\t\t\t\t\t\t<\/div>\n\t\t\t<div class=\"elementor-tabs-content-wrapper\" role=\"tablist\" aria-orientation=\"vertical\">\n\t\t\t\t\t\t\t\t\t<div class=\"elementor-tab-title elementor-tab-mobile-title\" aria-selected=\"true\" data-tab=\"1\" role=\"tab\" tabindex=\"0\" aria-controls=\"elementor-tab-content-2551\" aria-expanded=\"false\">Jenny MORENO<\/div>\n\t\t\t\t\t<div id=\"elementor-tab-content-2551\" class=\"elementor-tab-content elementor-clearfix\" data-tab=\"1\" role=\"tabpanel\" aria-labelledby=\"elementor-tab-title-2551\" tabindex=\"0\" hidden=\"false\"><p><img fetchpriority=\"high\" decoding=\"async\" class=\"alignleft wp-image-271 size-medium\" src=\"http:\/\/fse.gipexperience.fr\/wp-content\/uploads\/2024\/02\/490a6209f4159deaf2a3220613c7e49f-sticker-e1741774682533-290x300.png\" alt=\"memoji Jenny MORENO\" width=\"290\" height=\"300\" srcset=\"https:\/\/fse.gipexperience.fr\/wp-content\/uploads\/2024\/02\/490a6209f4159deaf2a3220613c7e49f-sticker-e1741774682533-290x300.png 290w, https:\/\/fse.gipexperience.fr\/wp-content\/uploads\/2024\/02\/490a6209f4159deaf2a3220613c7e49f-sticker-e1741774682533.png 356w\" sizes=\"(max-width: 290px) 100vw, 290px\" \/><span style=\"font-weight: var( --e-global-typography-text-font-weight ); background-color: var(--color_content_background); font-size: var(--typography_size_html);\">Charg\u00e9e d&rsquo;\u00e9tude sur le Projet \u00c9ducatif d&rsquo;Int\u00e9gration (P.E.I)<\/span><\/p><p>P\u00f4le Innovation et Ing\u00e9nierie P\u00e9dagogique (2IP) &#8211; La Fabrique \u00e0 I.D. (F\u00e0ID)<\/p><p>D\u00e9l\u00e9gation R\u00e9gionale Acad\u00e9mique \u00e0 la Formation Professionnelle Initiale et Continue (DRAFPIC) &#8211;\u00a0<span style=\"background-color: var(--color_content_background); font-size: var(--typography_size_html); font-weight: var( --e-global-typography-text-font-weight );\">GIP-FCIP Exp\u00e9rience<\/span><\/p><p>R\u00e9gion acad\u00e9mique des Pays de la Loire<\/p><p>Courriel : <a href=\"mailto:jenny.moreno@ac-nantes.fr\" target=\"_blank\" rel=\"noopener\">jenny.moreno@ac-nantes.fr<\/a><\/p><\/div>\n\t\t\t\t\t\t\t\t\t<div class=\"elementor-tab-title elementor-tab-mobile-title\" aria-selected=\"false\" data-tab=\"2\" role=\"tab\" tabindex=\"-1\" aria-controls=\"elementor-tab-content-2552\" aria-expanded=\"false\">P\u00f4le 2IP \/ F\u00e0ID<\/div>\n\t\t\t\t\t<div id=\"elementor-tab-content-2552\" class=\"elementor-tab-content elementor-clearfix\" data-tab=\"2\" role=\"tabpanel\" aria-labelledby=\"elementor-tab-title-2552\" tabindex=\"0\" hidden=\"hidden\"><p><img decoding=\"async\" class=\"alignleft wp-image-1682 size-medium\" src=\"http:\/\/fse.gipexperience.fr\/wp-content\/uploads\/2025\/03\/CPA-300x300.png\" alt=\"memojis conceptrices p\u00e9dagogiques et artistique\" width=\"300\" height=\"300\" srcset=\"https:\/\/fse.gipexperience.fr\/wp-content\/uploads\/2025\/03\/CPA-300x300.png 300w, https:\/\/fse.gipexperience.fr\/wp-content\/uploads\/2025\/03\/CPA-150x150.png 150w, https:\/\/fse.gipexperience.fr\/wp-content\/uploads\/2025\/03\/CPA-768x771.png 768w, https:\/\/fse.gipexperience.fr\/wp-content\/uploads\/2025\/03\/CPA.png 920w\" sizes=\"(max-width: 300px) 100vw, 300px\" \/><span style=\"font-weight: var( --e-global-typography-text-font-weight ); background-color: var(--color_content_background); font-size: var(--typography_size_html);\">\u00c9quipe des conceptrices p\u00e9dagogiques et artistique<\/span><\/p><p>P\u00f4le Innovation et Ing\u00e9nierie P\u00e9dagogique (2IP) \u2013 La Fabrique \u00e0 I.D. (F\u00e0ID)<\/p><p>D\u00e9l\u00e9gation R\u00e9gionale Acad\u00e9mique \u00e0 la Formation Professionnelle Initiale et Continue (DRAFPIC) &#8211;\u00a0<span style=\"font-weight: var( --e-global-typography-text-font-weight ); background-color: var(--color_content_background); font-size: var(--typography_size_html);\">GIP-FCIP Exp\u00e9rience<\/span><\/p><p>R\u00e9gion acad\u00e9mique des Pays de la Loire<\/p><p>Courriel : <a href=\"mailto:lafabriqueaid@ac-nantes.fr\">lafabriqueaid@ac-nantes.fr<\/a><\/p><\/div>\n\t\t\t\t\t\t\t\t\t<div class=\"elementor-tab-title elementor-tab-mobile-title\" aria-selected=\"false\" data-tab=\"3\" role=\"tab\" tabindex=\"-1\" aria-controls=\"elementor-tab-content-2553\" aria-expanded=\"false\">Alexandre TRANSON<\/div>\n\t\t\t\t\t<div id=\"elementor-tab-content-2553\" class=\"elementor-tab-content elementor-clearfix\" data-tab=\"3\" role=\"tabpanel\" aria-labelledby=\"elementor-tab-title-2553\" tabindex=\"0\" hidden=\"hidden\"><p><img decoding=\"async\" class=\"alignleft wp-image-1683 size-medium\" src=\"http:\/\/fse.gipexperience.fr\/wp-content\/uploads\/2025\/03\/C7E6DBC2-5EBD-4EB0-9AF6-D5DB6BCED018-300x300.jpg\" alt=\"memoji Alexandre TRANSON\" width=\"300\" height=\"300\" \/><span style=\"font-weight: var( --e-global-typography-text-font-weight ); background-color: var(--color_content_background); font-size: var(--typography_size_html);\">Conseiller en Formation Professionnelle (CFP)<\/span><\/p><p>P\u00f4le Innovation et Ing\u00e9nierie P\u00e9dagogique (2IP) \u2013 La Fabrique \u00e0 I.D. (F\u00e0ID)<\/p><p>D\u00e9l\u00e9gation R\u00e9gionale Acad\u00e9mique \u00e0 la Formation Professionnelle Initiale et Continue (DRAFPIC) &#8211;\u00a0<span style=\"font-weight: var( --e-global-typography-text-font-weight ); background-color: var(--color_content_background); font-size: var(--typography_size_html);\">GIP-FCIP Exp\u00e9rience<\/span><\/p><p>R\u00e9gion acad\u00e9mique des Pays de la Loire<\/p><p>Courriel : <a href=\"mailto:alexandre.transon@ac-nantes.fr\">alexandre.transon@ac-nantes.fr<\/a><\/p><\/div>\n\t\t\t\t\t\t\t\t\t<div class=\"elementor-tab-title elementor-tab-mobile-title\" aria-selected=\"false\" data-tab=\"4\" role=\"tab\" tabindex=\"-1\" aria-controls=\"elementor-tab-content-2554\" aria-expanded=\"false\">Elsa GOUJARD<\/div>\n\t\t\t\t\t<div id=\"elementor-tab-content-2554\" class=\"elementor-tab-content elementor-clearfix\" data-tab=\"4\" role=\"tabpanel\" aria-labelledby=\"elementor-tab-title-2554\" tabindex=\"0\" hidden=\"hidden\"><p><img loading=\"lazy\" decoding=\"async\" class=\"alignleft wp-image-323 size-medium\" src=\"http:\/\/fse.gipexperience.fr\/wp-content\/uploads\/2024\/02\/180075d2bc4f1599969e443adffa2440-sticker-300x300.png\" alt=\"memoji Elsa Goujard\" width=\"300\" height=\"300\" srcset=\"https:\/\/fse.gipexperience.fr\/wp-content\/uploads\/2024\/02\/180075d2bc4f1599969e443adffa2440-sticker-300x300.png 300w, https:\/\/fse.gipexperience.fr\/wp-content\/uploads\/2024\/02\/180075d2bc4f1599969e443adffa2440-sticker-150x150.png 150w, https:\/\/fse.gipexperience.fr\/wp-content\/uploads\/2024\/02\/180075d2bc4f1599969e443adffa2440-sticker.png 420w\" sizes=\"(max-width: 300px) 100vw, 300px\" \/><span style=\"font-weight: var( --e-global-typography-text-font-weight ); background-color: var(--color_content_background); font-size: var(--typography_size_html);\">Coordinatrice et formatrice au CASNAV de Nantes<\/span><\/p><p>Centre Acad\u00e9mique pour la Scolarisation des \u00c9l\u00e8ves Allophones Nouvellement Arriv\u00e9s (EANA) et des enfants issus de familles itin\u00e9rantes et de Voyage (EFIV) (CASNAV)<\/p><p>R\u00e9gion acad\u00e9mique des Pays de la Loire<\/p><p>Courriel : <a href=\"mailto:elsa-agathe.goujard@ac-nantes.fr\">elsa-agathe.goujard@ac-nantes.fr<\/a><\/p><\/div>\n\t\t\t\t\t\t\t\t\t<div class=\"elementor-tab-title elementor-tab-mobile-title\" aria-selected=\"false\" data-tab=\"5\" role=\"tab\" tabindex=\"-1\" aria-controls=\"elementor-tab-content-2555\" aria-expanded=\"false\">Colombe LAFORET<\/div>\n\t\t\t\t\t<div id=\"elementor-tab-content-2555\" class=\"elementor-tab-content elementor-clearfix\" data-tab=\"5\" role=\"tabpanel\" aria-labelledby=\"elementor-tab-title-2555\" tabindex=\"0\" hidden=\"hidden\"><p><img loading=\"lazy\" decoding=\"async\" class=\"alignleft wp-image-327 size-medium\" src=\"http:\/\/fse.gipexperience.fr\/wp-content\/uploads\/2024\/02\/fd6690b20b9c773ae599ad28e8ab16eb-sticker-300x300.png\" alt=\"Memoji Colombe Lafor\u00eat\" width=\"300\" height=\"300\" srcset=\"https:\/\/fse.gipexperience.fr\/wp-content\/uploads\/2024\/02\/fd6690b20b9c773ae599ad28e8ab16eb-sticker-300x300.png 300w, https:\/\/fse.gipexperience.fr\/wp-content\/uploads\/2024\/02\/fd6690b20b9c773ae599ad28e8ab16eb-sticker-150x150.png 150w, https:\/\/fse.gipexperience.fr\/wp-content\/uploads\/2024\/02\/fd6690b20b9c773ae599ad28e8ab16eb-sticker.png 420w\" sizes=\"(max-width: 300px) 100vw, 300px\" \/><span style=\"font-weight: var( --e-global-typography-text-font-weight ); background-color: var(--color_content_background); font-size: var(--typography_size_html);\">Charg\u00e9e de mission \u00ab\u00a0Formation et insertion\u00a0\u00bb \u00e0 la DAPSI<\/span><\/p><p>D\u00e9l\u00e9gation Acad\u00e9mique \u00e0 la Pers\u00e9v\u00e9rance Scolaire et \u00e0 l&rsquo;Insertion (DAPSI)<\/p><p>D\u00e9l\u00e9gation R\u00e9gionale Acad\u00e9mique \u00e0 la Formation Professionnelle Initiale et Continue (DRAFPIC) &#8211;\u00a0<span style=\"font-weight: var( --e-global-typography-text-font-weight ); background-color: var(--color_content_background); font-size: var(--typography_size_html);\">GIP-FCIP Exp\u00e9rience<\/span><\/p><p>R\u00e9gion acad\u00e9mique des Pays de la Loire<\/p><p>Courriel : <a href=\"mailto:colombe.laforet@ac-nantes.fr\">colombe.laforet@ac-nantes.fr<\/a><\/p><\/div>\n\t\t\t\t\t\t\t\t\t<div class=\"elementor-tab-title elementor-tab-mobile-title\" aria-selected=\"false\" data-tab=\"6\" role=\"tab\" tabindex=\"-1\" aria-controls=\"elementor-tab-content-2556\" aria-expanded=\"false\">Philippe DERRIEN<\/div>\n\t\t\t\t\t<div id=\"elementor-tab-content-2556\" class=\"elementor-tab-content elementor-clearfix\" data-tab=\"6\" role=\"tabpanel\" aria-labelledby=\"elementor-tab-title-2556\" tabindex=\"0\" hidden=\"hidden\"><p><img loading=\"lazy\" decoding=\"async\" class=\"alignleft wp-image-1027 size-medium\" src=\"http:\/\/fse.gipexperience.fr\/wp-content\/uploads\/2024\/03\/6141253983534154-sticker-e1741775161202-262x300.png\" alt=\"memoji Philippe DERRIEN\" width=\"262\" height=\"300\" srcset=\"https:\/\/fse.gipexperience.fr\/wp-content\/uploads\/2024\/03\/6141253983534154-sticker-e1741775161202-262x300.png 262w, https:\/\/fse.gipexperience.fr\/wp-content\/uploads\/2024\/03\/6141253983534154-sticker-e1741775161202.png 283w\" sizes=\"(max-width: 262px) 100vw, 262px\" \/><span style=\"font-weight: var( --e-global-typography-text-font-weight ); background-color: var(--color_content_background); font-size: var(--typography_size_html);\">Charg\u00e9 de mission &#8211; Financement Europ\u00e9en<\/span><\/p><p>D\u00e9l\u00e9gation R\u00e9gionale Acad\u00e9mique \u00e0 la Formation Professionnelle Initiale et Continue (DRAFPIC)<\/p><p>GIP-FCIP Exp\u00e9rience<\/p><p>R\u00e9gion acad\u00e9mique des Pays de la Loire<\/p><p>Courriel : <a href=\"mailto:philippe-m.derrien@ac-nantes.fr\" target=\"_blank\" rel=\"noopener\">philippe-m.derrien@ac-nantes.fr<\/a><\/p><\/div>\n\t\t\t\t\t\t\t\t\t<div class=\"elementor-tab-title elementor-tab-mobile-title\" aria-selected=\"false\" data-tab=\"7\" role=\"tab\" tabindex=\"-1\" aria-controls=\"elementor-tab-content-2557\" aria-expanded=\"false\">P\u00f4le TIC<\/div>\n\t\t\t\t\t<div id=\"elementor-tab-content-2557\" class=\"elementor-tab-content elementor-clearfix\" data-tab=\"7\" role=\"tabpanel\" aria-labelledby=\"elementor-tab-title-2557\" tabindex=\"0\" hidden=\"hidden\"><p><img loading=\"lazy\" decoding=\"async\" class=\"alignleft wp-image-619 size-medium\" src=\"http:\/\/fse.gipexperience.fr\/wp-content\/uploads\/2024\/03\/d2152250294ca292f16c2f81478261cd-sticker-300x300.jpeg\" alt=\"memoji Daniel Grondin\" width=\"300\" height=\"300\" srcset=\"https:\/\/fse.gipexperience.fr\/wp-content\/uploads\/2024\/03\/d2152250294ca292f16c2f81478261cd-sticker-300x300.jpeg 300w, https:\/\/fse.gipexperience.fr\/wp-content\/uploads\/2024\/03\/d2152250294ca292f16c2f81478261cd-sticker-150x150.jpeg 150w, https:\/\/fse.gipexperience.fr\/wp-content\/uploads\/2024\/03\/d2152250294ca292f16c2f81478261cd-sticker.jpeg 421w\" sizes=\"(max-width: 300px) 100vw, 300px\" \/><span style=\"font-weight: var( --e-global-typography-text-font-weight ); background-color: var(--color_content_background); font-size: var(--typography_size_html);\">\u00c9quipe des d\u00e9veloppeurs et techniciens informatiques<\/span><\/p><p>D\u00e9l\u00e9gation R\u00e9gionale Acad\u00e9mique \u00e0 la Formation Professionnelle Initiale et Continue (DRAFPIC)<\/p><p>GIP-FCIP Exp\u00e9rience<\/p><p>R\u00e9gion acad\u00e9mique des Pays de la Loire<\/p><p>Courriel : <a href=\"mailto:drafpic.tic@ac-nantes.fr\">drafpic.tic@ac-nantes.fr<\/a><\/p><\/div>\n\t\t\t\t\t\t\t<\/div>\n\t\t<\/div>\n\t\t\t\t\t\t<\/div>\n\t\t\t\t<\/div>\n\t\t\t\t\t<\/div>\n\t\t\t\t<\/div>\n\t\t\t\t<\/div>\n\t\t","protected":false},"excerpt":{"rendered":"<div class=\"entry-summary\">\nJenny MORENO P\u00f4le 2IP \/ F\u00e0ID Alexandre TRANSON Elsa GOUJARD Colombe LAFORET Philippe DERRIEN P\u00f4le TIC Jenny MORENO Charg\u00e9e d&rsquo;\u00e9tude sur le Projet \u00c9ducatif d&rsquo;Int\u00e9gration (P.E.I) P\u00f4le Innovation et Ing\u00e9nierie P\u00e9dagogique (2IP) &#8211; La Fabrique \u00e0 I.D. (F\u00e0ID) D\u00e9l\u00e9gation R\u00e9gionale&hellip;\n<\/div>\n<div class=\"link-more\"><a href=\"https:\/\/fse.gipexperience.fr\/index.php\/equipe-projet\/\" class=\"more-link\">Continue reading<span class=\"screen-reader-text\"> &ldquo;Membres de l&rsquo;\u00e9quipe&rdquo;<\/span>&hellip;<\/a><\/div>\n","protected":false},"author":3,"featured_media":0,"parent":0,"menu_order":0,"comment_status":"closed","ping_status":"closed","template":"","meta":{"footnotes":""},"class_list":["post-263","page","type-page","status-publish","hentry","entry"],"_links":{"self":[{"href":"https:\/\/fse.gipexperience.fr\/index.php\/wp-json\/wp\/v2\/pages\/263","targetHints":{"allow":["GET"]}}],"collection":[{"href":"https:\/\/fse.gipexperience.fr\/index.php\/wp-json\/wp\/v2\/pages"}],"about":[{"href":"https:\/\/fse.gipexperience.fr\/index.php\/wp-json\/wp\/v2\/types\/page"}],"author":[{"embeddable":true,"href":"https:\/\/fse.gipexperience.fr\/index.php\/wp-json\/wp\/v2\/users\/3"}],"replies":[{"embeddable":true,"href":"https:\/\/fse.gipexperience.fr\/index.php\/wp-json\/wp\/v2\/comments?post=263"}],"version-history":[{"count":106,"href":"https:\/\/fse.gipexperience.fr\/index.php\/wp-json\/wp\/v2\/pages\/263\/revisions"}],"predecessor-version":[{"id":1930,"href":"https:\/\/fse.gipexperience.fr\/index.php\/wp-json\/wp\/v2\/pages\/263\/revisions\/1930"}],"wp:attachment":[{"href":"https:\/\/fse.gipexperience.fr\/index.php\/wp-json\/wp\/v2\/media?parent=263"}],"curies":[{"name":"wp","href":"https:\/\/api.w.org\/{rel}","templated":true}]}}